-35)/(-3 + r/1). Let m = 93 + -86. What is the highest common factor of u and m?
7
Suppose c + 21 = 2*c - 2*y, 0 = 3*c + 5*y - 63. What is the greatest common divisor of c and 42?
21
Suppose 9*c - 81 = 6*c. What is the greatest common divisor of c and 189?
27
Let p be (-640)/65 - 6/39. Let n(r) = -r**2 - 11*r - 8. Let q be n(p). What is the highest common divisor of q and 2?
2
Suppose -5*q + 4*g + 86 = 0, 3*q - 64 = -2*g - 8. Calculate the highest common factor of q and 18.
18
Suppose 0 = -0*c - 3*c + 9. Suppose w - 12 = -c*w. Calculate the greatest common factor of w and 24.
3
Let d be (-6)/(-8) - (-9)/(-12). Suppose d*g = -5*g + 120. What is the greatest common factor of 6 and g?
6
Let q be (-1)/(-2) - 21/(-6). Suppose -19 + 99 = q*v. Let x be 2/8 + 955/v. What is the greatest common divisor of 6 and x?
6
Let x(u) = u**2 + u. Let p be x(-4). Suppose -2*s + 33 = 4*l + 5, -3*l - 135 = -5*s. Calculate the greatest common factor of p and s.
12
Let u = -2 - -5. Let a be 2 - 15*u/(-3). Suppose a + 3 = 5*w. What is the highest common factor of w and 36?
4
Let t(d) = -d - 6. Let p be (-1)/(2/20*1). Let b be t(p). Calculate the greatest common divisor of 6 and b.
2
Let s(t) = 2*t - 6. Let u be s(4). Suppose q + 14 = u*q. Let v(h) = -2*h**3 + 3*h - 4. Let a be v(-4). Calculate the highest common divisor of a and q.
14
Let d = -23 - -38. Calculate the greatest common factor of d and 15.
15
Let q(o) = 2*o**2 - 21*o. Let m be q(15). Calculate the greatest common factor of m and 15.
15
Suppose -3*b - 6 + 3 = 0. Let z = b + 6. Suppose -4*t + 3*t = -1. What is the highest common factor of t and z?
1
Let k be (25 - 1)*52/(-12). Let n be k/(-12) - (-6)/(-9). Let f be ((-4)/6)/((-2)/264). What is the highest common divisor of f and n?
8
Let w be 26 - 5/(20/12). Let l = -14 + w. Calculate the greatest common divisor of l and 9.
9
Let c = -177 - -305. Calculate the greatest common factor of 96 and c.
32
Suppose 2*m + m - 63 = 0. Calculate the greatest common divisor of 14 and m.
7
Let s(h) = 4*h - 6. Let c be s(5). Suppose -5*y = -b - c - 1, -5*b = -y - 45. Calculate the highest common divisor of 40 and b.
10
Let y(m) = -m - 2. Let c be y(-3). Let t(d) = 7*d**2 - 1. Let i be t(c). What is the highest common factor of i and 66?
6
Let n = -307 - -566. What is the highest common factor of 37 and n?
37
Let p = 15 + -8. Suppose 2*h - 2 = 0, -x - h + 86 = h. Suppose 3*b + 0*b = x. What is the highest common divisor of p and b?
7
Suppose -5*a + 35 = 2*y, -3*a = -2*y + 8 - 29. What is the highest common divisor of a and 7?
7
Let h(n) = 7*n**2 + 2*n + 3. Let k be h(-1). Calculate the highest common factor of 88 and k.
8
Suppose -2*a + 5*a + 6 = -3*g, 2*g = 4*a + 20. Suppose g*j = 4*j - 64. Let n = 10 + -6. Calculate the highest common divisor of n and j.
4
Let l(y) = -11*y - 9. Let x be l(-3). Calculate the highest common divisor of 6 and x.
6
Let z be (105/12)/(2/8). Calculate the greatest common factor of z and 5.
5
Let v be (46/4)/((-1)/(-2)). Calculate the greatest common factor of 23 and v.
23
Let t(m) be the third derivative of m**5/30 - m**4/6 - m**3/3 - m**2. Let h be t(4). What is the greatest common factor of h and 154?
14
Let x(n) = -26*n**3 + 2*n**2 + n. Let y be x(-1). Let i = 62 - y. Calculate the highest common factor of 14 and i.
7
Let n = 7 - 3. Suppose n*l - 23 - 1 = 0. Let i(h) = 3*h**2 + h + 6. Let t be i(l). What is the greatest common divisor of t and 15?
15
Let d(t) = t**2 - 5*t - 2. Let g be d(6). Let f = 1 - -2. Let o be 16/(f - g - -2). What is the greatest common factor of o and 8?
8
Suppose 0 = 6*g + 1 - 25. Let n = -1 + 0. Let o = 21 + n. What is the greatest common factor of o and g?
4
Let p(a) = a**3 - 5*a**2 - 3*a + 6. Let t be p(5). Let d = 15 + t. Calculate the greatest common divisor of d and 54.
6
Let k be (0 + 2)*1*2. Let l(y) = 2*y - 2. Let m be l(1). Suppose -3*n - 31 + 115 = m. Calculate the highest common divisor of n and k.
4
Let f(w) = -w**3 - 9*w**2 - 2*w - 7. Let c be f(-9). Calculate the greatest common divisor of 1 and c.
1
Let t be ((56/(-21))/(1/(-87)))/1. Calculate the highest common divisor of t and 29.
29
Let o = -34 + 50. What is the greatest common factor of o and 144?
16
Let g(f) = f**2 + 3*f - 3. Let o be g(-6). Suppose -n = -3*x + 93, 5*x - 3*x - 48 = -4*n. Calculate the greatest common divisor of o and x.
15
Let w be (-23)/(-7) + (-6)/21 - -9. What is the highest common divisor of w and 8?
4
Suppose 5*m - 5 = 2*l - 71, -8 = -2*m. Suppose -g + k + 2 = 0, 4*g + 3*k - l = -0*k. Let v = -2 + g. What is the greatest common divisor of v and 2?
1
Let x(v) = 45*v. Let o be x(2). What is the greatest common factor of 60 and o?
30
Suppose -2*i + 3*d = 6*d - 54, 3*i = -3*d + 87. Suppose 32 = 5*j - 133. What is the highest common divisor of i and j?
33
Let k(b) = b**3 - 12*b**2 + 2*b + 7. Let v be k(12). Calculate the greatest common factor of 155 and v.
31
Let o = 81 + -60. Calculate the greatest common factor of o and 6.
3
Let y be (-2)/7 - (-18)/14. Let p be 1/(y/(-28))*-2. Suppose -5*z + p = -z. Calculate the highest common factor of z and 154.
14
Let a(p) = -10 + 14 + 5*p - 3*p**2 - 8 + p**3. Let w = 9 - 6. Let s be a(w). Calculate the greatest common divisor of s and 11.
11
Let b(p) = p**3 + 8*p**2 + 6*p. Let u be b(-7). What is the greatest common factor of 63 and u?
7
Let a(l) = -5*l**3 - 2*l + 1. Let b be a(1). Let o = 13 + b. What is the greatest common divisor of 35 and o?
7
Suppose -5*p + 18 = -2*p. Suppose -4*m = -3*m - p. What is the greatest common factor of 6 and m?
6
Let g be ((-259)/(-28))/((-19)/20 - -1). Calculate the highest common factor of g and 74.
37
Let d(b) = -b**2 - 7*b - 5. Let o be d(-5). Suppose o*i = -k - k - 5, -5 = i. What is the highest common factor of 5 and k?
5
Suppose -3*y = -4*y + 26. Let b be (-3)/((-6)/y) + -1. Let r = -48 + 144. Calculate the highest common divisor of b and r.
12
Let f = 34 - 17. Suppose f = 2*r + 5*u, -4 - 4 = -r - 2*u. Suppose -3 = -3*l - 3*t + 15, 0 = 3*t. Calculate the greatest common divisor of r and l.
6
Let v(r) = -34*r + 1 + 1 + 39*r - r**2. Let c be v(4). Let g be -42*(-2 + 1 + 0). Calculate the greatest common factor of g and c.
6
Let l = 1962 - 4326. Let m be 4/(-14) + l/(-42). What is the highest common divisor of m and 7?
7
Let o = 1 + -1. Suppose -2*c = 4*b + 8, -5*c + 2*b - b + 13 = o. Suppose 2*m - 3 = m. What is the greatest common divisor of c and m?
1
Suppose -a - 3*h = -h - 16, 2*h + 16 = 3*a. Calculate the greatest common divisor of 40 and a.
8
Suppose -8 - 1 = -3*o. Calculate the highest common factor of o and 15.
3
Let g(m) = m**2 + 12. Let q be g(0). Suppose 2*i + 594 = i. Let c be (-16)/(-6)*i/(-12). What is the highest common factor of c and q?
12
Let v(c) = 122*c**2 - c - 1. Let d be v(1). Calculate the highest common divisor of 15 and d.
15
Let g = -235 - -485. Calculate the highest common divisor of g and 25.
25
Let p = 23 - -1. Calculate the greatest common divisor of 36 and p.
12
Let b(w) = -w**2 - 9*w - 1. Let c be b(-6). Let k = c + 8. Calculate the greatest common factor of 10 and k.
5
Let d be (8*-1)/(1/(-12)). Calculate the highest common factor of d and 12.
12
Let x = -6 + 9. Let q be 56/6 - (-2)/(-6). What is the greatest common divisor of x and q?
3
Suppose 2*t - 7 = -5*x, 0*x - 2 = 2*x. Suppose -5*u + t = -2*u. Suppose 20 = 4*l - u*l. Calculate the greatest common factor of l and 90.
10
Suppose -265 = -3*o + 35. What is the greatest common factor of o and 25?
25
Suppose 16 = y + 3*y, 3*h - 22 = -4*y. Suppose 4*b - h*b = 18. Suppose 0 = 4*t + 4*t - 216. What is the greatest common factor of t and b?
9
Let d = -12 - -15. Suppose -2*l + d*f = -7*l + 22, -6 = 5*l - 4*f. What is the highest common divisor of l and 5?
1
Let f be (17 - -4)/((-12)/(-320)). What is the greatest common factor of f and 56?
56
Suppose 5*x = -0*x + 4*m + 1330, -3*m - 532 = -2*x. Calculate the highest common divisor of 38 and x.
38
Suppose 94 = -n + 3*n. Let g be (0/(-3) - -3) + n. What is the highest common factor of 10 and g?
10
Let p be 3 - (0 + 2 + -63). Suppose 0*z - 2*z + 10 = 3*k, -3*k = 6. Calculate the highest common factor of z and p.
8
Suppose -3*v - 117 = -2*h, -v = h + 2*v - 36. Let j = -35 + h. Calculate the highest common factor of j and 